{"id":3,"date":"2023-02-07T20:54:28","date_gmt":"2023-02-07T20:54:28","guid":{"rendered":"http:\/\/espaciopropiopsicologia.com\/?page_id=3"},"modified":"2025-03-13T15:41:08","modified_gmt":"2025-03-13T15:41:08","slug":"politica-privacidad","status":"publish","type":"page","link":"https:\/\/espaciopropiopsicologia.com\/index.php\/politica-privacidad\/","title":{"rendered":"Pol\u00edtica de privacidad y protecci\u00f3n de datos"},"content":{"rendered":"\t\t<div data-elementor-type=\"wp-page\" data-elementor-id=\"3\" class=\"elementor elementor-3\">\n\t\t\t\t\t\t<section class=\"elementor-section elementor-top-section elementor-element elementor-element-64f411b3 elementor-section-boxed elementor-section-height-default elementor-section-height-default qodef-elementor-content-no\" data-id=\"64f411b3\" data-element_type=\"section\">\n\t\t\t\t\t\t<div class=\"elementor-container elementor-column-gap-default\">\n\t\t\t\t\t<div class=\"elementor-column elementor-col-100 elementor-top-column elementor-element elementor-element-c443b36\" data-id=\"c443b36\" data-element_type=\"column\">\n\t\t\t<div class=\"elementor-widget-wrap elementor-element-populated\">\n\t\t\t\t\t\t<div class=\"elementor-element elementor-element-5dc4722f elementor-widget elementor-widget-text-editor\" data-id=\"5dc4722f\" data-element_type=\"widget\" data-widget_type=\"text-editor.default\">\n\t\t\t\t<div class=\"elementor-widget-container\">\n\t\t\t\t\t\t\t\t\t<p>Legislaci\u00f3n. Reglamento (UE) 2016\/679 de 27 de abril de 2016 y Ley Org\u00e1nica 3\/2018, de 5 de diciembre, de Protecci\u00f3n de Datos Personales y Garant\u00eda de los Derechos Digitales. En cumplimiento del Art\u00edculo 12 del Reglamento Europeo de Protecci\u00f3n de Datos, relativo a la transparencia de la informaci\u00f3n, comunicaci\u00f3n y modalidades de ejercicio de los derechos del interesado y del Art\u00edculo 13 relativo a la informaci\u00f3n que deber\u00e1 facilitarse cuando los datos personales se obtengan del interesado.<\/p>\n<p><\/p>\n<p><b>Responsable del tratamiento.&nbsp;<\/b><\/p>\n<p>ESPACIO PROPIO PSICOLOGIA SLP CIF:<br>B44609097 Direcci\u00f3n: CALLE DE MEJICO 15, LOCAL 1, 28028 MADRID E-Mail:<\/p>\n<p><a href=\"mailto:MAILTO:espaciopropiopsicologia@gmail.com\" target=\"_blank\" rel=\"noopener\">espaciopropiopsicologia@gmail.com<\/a><\/p>\n<p><b>&nbsp;<\/b><\/p>\n<p><b>Delegado de protecci\u00f3n de datos.&nbsp;<\/b><\/p>\n<p>Podr\u00e1 contactar con el Delegado de Protecci\u00f3n de Datos para aclarar cualquier cuesti\u00f3n que precise en relaci\u00f3n a la gesti\u00f3n del tratamiento de sus datos personales a trav\u00e9s del correo electr\u00f3nico lopd@megamailconsultores.es indicando en el asunto \u201cA la atenci\u00f3n del DPD de ESPACIO PROPIO PSICOLOGIA SLP\u201d.<\/p><p><br><\/p>\n<p><strong>Finalidad del tratamiento.&nbsp;<\/strong><\/p>\n<p>Gestionar las solicitudes de informaci\u00f3n o contacto recibidas.<\/p><p><br><\/p>\n<p><strong>Legitimizaci\u00f3n<\/strong>.<\/p>\n<p>La base legal para el tratamiento de los datos es el consentimiento otorgado por el interesado al cumplimentar el formulario y enviarnos sus datos.&nbsp;<\/p><p><br><\/p>\n<p><strong>Conservaci\u00f3n de los datos.&nbsp;<\/strong><\/p>\n<p>Los datos proporcionados se conservar\u00e1n durante el tiempo necesario para gestionar su solicitud de informaci\u00f3n o contacto y nunca ser\u00e1 superior a 1 a\u00f1o desde el \u00faltimo contacto.<\/p><p><br><\/p>\n<p><strong>Cesiones de datos.&nbsp;<\/strong><\/p>\n<p>Los datos no se ceder\u00e1n a terceros salvo en los casos en que exista una obligaci\u00f3n legal.<\/p><p><br><\/p>\n<p><\/p>\n<p><strong>Derechos del interesado.&nbsp;<\/strong><\/p>\n<p>Tendr\u00e1 derecho a acceder a sus datos personales, as\u00ed como a solicitar la rectificaci\u00f3n de los datos inexactos o, en su caso, solicitar su<br>supresi\u00f3n cuando, entre otros motivos, los datos ya no sean necesarios para los fines que fueron recogidos. Podr\u00e1 solicitar la limitaci\u00f3n u oposici\u00f3n del tratamiento de sus datos, en cuyo caso \u00fanicamente los conservaremos para cumplir con las obligaciones<br>legalmente establecidas.<\/p><p><br><\/p>\n<p><strong>Derecho a no ser objeto de decisiones individuales automatizadas, incluida la elaboraci\u00f3n de perfiles.<\/strong><\/p>\n<p>No se realizan sobre el usuario decisiones individuales automatizadas ni se elaboran perfiles que produzcan efectos jur\u00eddicos o le afecten significativamente de modo similar.<\/p><p><br><\/p>\n<p><strong>D\u00f3nde ejercer los derechos.<\/strong><\/p>\n<p>Para el ejercicio de sus derechos debe enviar un correo electr\u00f3nico a espaciopropiopsicologia@gmail.com indicando por escrito su petici\u00f3n.<\/p>\n<p>A fin de facilitar su ejercicio, le facilitamos los enlaces al formulario de solicitud de cada uno de los derechos:<br><a href=\"https:\/\/www.aepd.es\/documento\/formulario-derecho-de-acceso.pdf\" target=\"_blank\" rel=\"noopener\">Formulario ejercicio del derecho de acceso&nbsp;<\/a><\/p>\n<p><a href=\"https:\/\/www.aepd.es\/documento\/formulario-derecho-de-rectificacion.pdf\" target=\"_blank\" rel=\"noopener\">Formulario de ejercicio del derecho de rectificaci\u00f3n<\/a><\/p>\n<p><a href=\"https:\/\/www.aepd.es\/documento\/formulario-derecho-de-oposicion.pdf\" target=\"_blank\" rel=\"noopener\">Formulario de ejercicio del derecho de oposici\u00f3n<\/a><\/p>\n<p><a href=\"https:\/\/www.aepd.es\/documento\/formulario-derecho-de-supresion.pdf\" target=\"_blank\" rel=\"noopener\">Formulario de ejercicio del derecho de supresi\u00f3n (derecho \u201cal olvido\u201d)<\/a><\/p>\n<p><a href=\"https:\/\/www.aepd.es\/documento\/formulario-derecho-de-limitacion.pdf\" target=\"_blank\" rel=\"noopener\">Formulario de ejercicio del derecho a la limitaci\u00f3n del tratamiento<\/a><\/p>\n<p><a href=\"https:\/\/www.aepd.es\/documento\/formulario-derecho-de-portabilidad.pdf\" target=\"_blank\" rel=\"noopener\">Formulario de ejercicios del derecho a la portabilidad<\/a><\/p>\n<p><a href=\"https:\/\/www.aepd.es\/documento\/formulario-derecho-de-oposicion-decisiones-automatizadas.pdf\" target=\"_blank\" rel=\"noopener\">Formulario de ejercicio a no ser objeto de decisiones individuales automatizadas<\/a><\/p>\n<p><span style=\"letter-spacing: 0px;\">&nbsp;<\/span><\/p>\n<p><span style=\"letter-spacing: 0px;\"><b>Medidas de seguridad.&nbsp;<\/b><\/span><\/p>\n<p><span style=\"letter-spacing: 0px;\">Teniendo en cuenta el estado de la t\u00e9cnica, los costes de&nbsp;<\/span><span style=\"letter-spacing: 0px;\">aplicaci\u00f3n, y la naturaleza, el alcance, el contexto y los fines del tratamiento, as\u00ed como&nbsp;<\/span><span style=\"letter-spacing: 0px;\">riesgos de probabilidad y gravedad variables para los derechos y libertades de las&nbsp;<\/span><span style=\"letter-spacing: 0px;\">personas f\u00edsicas, ESPACIO PROPIO PSICOLOGIA SLP aplica las medidas t\u00e9cnicas y&nbsp;<\/span><span style=\"letter-spacing: 0px;\">organizativas apropiadas para garantizar un nivel de seguridad adecuado al riesgo.<\/span><\/p>\n<p><span style=\"letter-spacing: 0px;\">&nbsp;<\/span><\/p>\n<p><span style=\"letter-spacing: 0px;\"><b>Transferencias internacionales de datos.&nbsp;<\/b><\/span><\/p>\n<p><span style=\"letter-spacing: 0px;\">No existen transferencias internacionales&nbsp;<\/span><span style=\"letter-spacing: 0px;\">de sus datos a pa\u00edses fuera del Espacio Econ\u00f3mico Europeo (EEE).<\/span><\/p>\n<p><span style=\"letter-spacing: 0px;\">&nbsp;<\/span><\/p>\n<p><b>Tratamiento basado en el consentimiento del afectado.&nbsp;<\/b><\/p>\n<p>A trav\u00e9s de esta p\u00e1gina web no se recoge ning\u00fan dato personal sin su consentimiento.<\/p>\n<p><b>Deber de confidencialidad.&nbsp;<\/b><\/p>\n<p>De conformidad con el art\u00edculo 5.1 f) del Reglamento (UE) 2016\/679 ESPACIO PROPIO PSICOLOGIA SLP se compromete a tratar de forma absolutamente confidencial sus datos de car\u00e1cter personal y a utilizarlos s\u00f3lo para las finalidades indicadas.<\/p>\n<p><b>Inexactitud de los datos obtenidos directamente del afectado.&nbsp;<\/b><\/p>\n<p>A los efectos previstos en el art\u00edculo 5.1 d) del Reglamento (UE) 2016\/679, no ser\u00e1n imputables al responsable del tratamiento los datos personales que sean inexactos con respecto a los fines para los que se tratan, si usted no ha ejercitado su derecho de rectificaci\u00f3n.<\/p>\n<p><b>Derecho a reclamar.&nbsp;<\/b><\/p>\n<p>En el caso de que no est\u00e9 conforme con el tratamiento de sus datos podr\u00e1 dirigir sus reclamaciones ante la Agencia Espa\u00f1ola de Protecci\u00f3n de Datos, C\/ Jorge Juan, 6 \u2013 28001 Madrid.<\/p>\n<p><!-- \/wp:paragraph --><\/p>\t\t\t\t\t\t\t\t<\/div>\n\t\t\t\t<\/div>\n\t\t\t\t\t<\/div>\n\t\t<\/div>\n\t\t\t\t\t<\/div>\n\t\t<\/section>\n\t\t\t\t<\/div>\n\t\t","protected":false},"excerpt":{"rendered":"<p>Legislaci\u00f3n. Reglamento (UE) 2016\/679 de 27 de abril de 2016 y Ley Org\u00e1nica 3\/2018, de 5 de diciembre, de Protecci\u00f3n de Datos Personales y Garant\u00eda de los Derechos Digitales. En cumplimiento del Art\u00edculo 12 del Reglamento Europeo de Protecci\u00f3n de Datos, relativo a la transparencia de la informaci\u00f3n, comunicaci\u00f3n y modalidades de ejercicio de los [&hellip;]<\/p>\n","protected":false},"author":1,"featured_media":0,"parent":0,"menu_order":0,"comment_status":"closed","ping_status":"closed","template":"","meta":{"_joinchat":[],"footnotes":""},"class_list":["post-3","page","type-page","status-publish","hentry"],"_links":{"self":[{"href":"https:\/\/espaciopropiopsicologia.com\/index.php\/wp-json\/wp\/v2\/pages\/3","targetHints":{"allow":["GET"]}}],"collection":[{"href":"https:\/\/espaciopropiopsicologia.com\/index.php\/wp-json\/wp\/v2\/pages"}],"about":[{"href":"https:\/\/espaciopropiopsicologia.com\/index.php\/wp-json\/wp\/v2\/types\/page"}],"author":[{"embeddable":true,"href":"https:\/\/espaciopropiopsicologia.com\/index.php\/wp-json\/wp\/v2\/users\/1"}],"replies":[{"embeddable":true,"href":"https:\/\/espaciopropiopsicologia.com\/index.php\/wp-json\/wp\/v2\/comments?post=3"}],"version-history":[{"count":0,"href":"https:\/\/espaciopropiopsicologia.com\/index.php\/wp-json\/wp\/v2\/pages\/3\/revisions"}],"wp:attachment":[{"href":"https:\/\/espaciopropiopsicologia.com\/index.php\/wp-json\/wp\/v2\/media?parent=3"}],"curies":[{"name":"wp","href":"https:\/\/api.w.org\/{rel}","templated":true}]}}